{"id":4455,"date":"2017-06-04T22:20:32","date_gmt":"2017-06-04T20:20:32","guid":{"rendered":"http:\/\/www.parowozy.pl\/steamtrains\/?page_id=4455"},"modified":"2017-06-04T22:20:32","modified_gmt":"2017-06-04T20:20:32","slug":"video","status":"publish","type":"page","link":"https:\/\/www.parowozy.pl\/steamtrains\/video\/","title":{"rendered":"Video"},"content":{"rendered":"<p style=\"text-align: center;\">\n<iframe loading=\"lazy\" width=\"853\" height=\"480\" src=\"https:\/\/www.youtube.com\/embed\/videoseries?list=PL9CwQhoTtO15sDnqCV_ZmynHEwpgueLv_\" frameborder=\"0\" allowfullscreen><\/iframe>\n<\/p>\n<p><!--Zapraszamy do ogl\u0105dania film\u00f3w innych Autor\u00f3w. Gromadzone s\u0105 one w dw\u00f3ch poni\u017cszych galeriach.\n\n\n\n<h2>Polecane filmy zwi\u0105zane ze Skansenem w Chab\u00f3wce<\/h2>\n\n\n<iframe loading=\"lazy\" width=\"853\" height=\"480\" src=\"https:\/\/www.youtube.com\/embed\/videoseries?list=PL9CwQhoTtO14dMLmgdANeyYrEXeiZ4oiS\" frameborder=\"0\" allowfullscreen><\/iframe>\n\n\n\n<h2>Tabor ze Skansenu w Chab\u00f3wce w 3D<\/h2>\n\n\n<iframe loading=\"lazy\" width=\"853\" height=\"480\" src=\"https:\/\/www.youtube.com\/embed\/videoseries?list=PL9CwQhoTtO16J8fQ9YTNovTvMu1tBlpGd\" frameborder=\"0\" allowfullscreen><\/iframe>\n \nFilmy publikujemy na kanale YouTube \"Kolej\u0105 z Mateuszem\". O tym dlaczego zdecydowali\u015bmy si\u0119 na tak\u0105 form\u0119 wsp\u00f3\u0142pracy mo\u017cna przeczyta\u0107 we wpisie <a href=\"https:\/\/www.parowozy.pl\/filmy-z-taborem-z-chabowki-dostepne-na-youtube\/\"><i>Filmy z taborem z Chab\u00f3wki dost\u0119pne na YouTube<\/i><\/a>.\n--><\/p>\n","protected":false},"excerpt":{"rendered":"","protected":false},"author":1,"featured_media":0,"parent":0,"menu_order":0,"comment_status":"closed","ping_status":"closed","template":"","meta":{"jetpack_post_was_ever_published":false,"footnotes":""},"class_list":["post-4455","page","type-page","status-publish","hentry","no-image","with-title"],"yoast_head":"<!-- This site is optimized with the Yoast SEO plugin v27.5 - https:\/\/yoast.com\/product\/yoast-seo-wordpress\/ -->\n<title>Video - The Chab\u00f3wka Rolling-Stock Heritage Park &quot;Skansen&quot;<\/title>\n<meta name=\"description\" content=\"Skansen taboru kolejowego w Chab\u00f3wce-strona o najwi\u0119kszej tego typu muzealnej ekspozycji w Polsce. Opis zbior\u00f3w, fotografie i filmy z przejazd\u00f3w retro\" \/>\n<meta name=\"robots\" content=\"index, follow, max-snippet:-1, max-image-preview:large, max-video-preview:-1\" \/>\n<link rel=\"canonical\" href=\"https:\/\/www.parowozy.pl\/steamtrains\/video\/\" \/>\n<meta property=\"og:locale\" content=\"en_US\" \/>\n<meta property=\"og:type\" content=\"article\" \/>\n<meta property=\"og:title\" content=\"Video - The Chab\u00f3wka Rolling-Stock Heritage Park &quot;Skansen&quot;\" \/>\n<meta property=\"og:description\" content=\"Skansen taboru kolejowego w Chab\u00f3wce-strona o najwi\u0119kszej tego typu muzealnej ekspozycji w Polsce. Opis zbior\u00f3w, fotografie i filmy z przejazd\u00f3w retro\" \/>\n<meta property=\"og:url\" content=\"https:\/\/www.parowozy.pl\/steamtrains\/video\/\" \/>\n<meta property=\"og:site_name\" content=\"The Chab\u00f3wka Rolling-Stock Heritage Park &quot;Skansen&quot;\" \/>\n<meta property=\"og:image\" content=\"https:\/\/i0.wp.com\/www.parowozy.pl\/steamtrains\/wp-content\/uploads\/sites\/7\/2015\/04\/Ty42-107-z-33300-Kasina-Wielka-Mszana-Dolna-6.04.2014-16.39.jpg?fit=1077%2C808&ssl=1\" \/>\n\t<meta property=\"og:image:width\" content=\"1077\" \/>\n\t<meta property=\"og:image:height\" content=\"808\" \/>\n\t<meta property=\"og:image:type\" content=\"image\/jpeg\" \/>\n<script type=\"application\/ld+json\" class=\"yoast-schema-graph\">{\"@context\":\"https:\\\/\\\/schema.org\",\"@graph\":[{\"@type\":\"WebPage\",\"@id\":\"https:\\\/\\\/www.parowozy.pl\\\/steamtrains\\\/video\\\/\",\"url\":\"https:\\\/\\\/www.parowozy.pl\\\/steamtrains\\\/video\\\/\",\"name\":\"Video - The Chab\u00f3wka Rolling-Stock Heritage Park &quot;Skansen&quot;\",\"isPartOf\":{\"@id\":\"https:\\\/\\\/www.parowozy.pl\\\/steamtrains\\\/#website\"},\"datePublished\":\"2017-06-04T20:20:32+00:00\",\"description\":\"Skansen taboru kolejowego w Chab\u00f3wce-strona o najwi\u0119kszej tego typu muzealnej ekspozycji w Polsce. Opis zbior\u00f3w, fotografie i filmy z przejazd\u00f3w retro\",\"breadcrumb\":{\"@id\":\"https:\\\/\\\/www.parowozy.pl\\\/steamtrains\\\/video\\\/#breadcrumb\"},\"inLanguage\":\"en-US\",\"potentialAction\":[{\"@type\":\"ReadAction\",\"target\":[\"https:\\\/\\\/www.parowozy.pl\\\/steamtrains\\\/video\\\/\"]}]},{\"@type\":\"BreadcrumbList\",\"@id\":\"https:\\\/\\\/www.parowozy.pl\\\/steamtrains\\\/video\\\/#breadcrumb\",\"itemListElement\":[{\"@type\":\"ListItem\",\"position\":1,\"name\":\"Strona g\u0142\u00f3wna\",\"item\":\"https:\\\/\\\/www.parowozy.pl\\\/steamtrains\\\/\"},{\"@type\":\"ListItem\",\"position\":2,\"name\":\"Video\"}]},{\"@type\":\"WebSite\",\"@id\":\"https:\\\/\\\/www.parowozy.pl\\\/steamtrains\\\/#website\",\"url\":\"https:\\\/\\\/www.parowozy.pl\\\/steamtrains\\\/\",\"name\":\"The Chab\u00f3wka Rolling-Stock Heritage Park &quot;Skansen&quot;\",\"description\":\"Chab\u00f3wka Museum\",\"publisher\":{\"@id\":\"https:\\\/\\\/www.parowozy.pl\\\/steamtrains\\\/#\\\/schema\\\/person\\\/c2d2f38fc75cbe7d3cc51204696dc8eb\"},\"potentialAction\":[{\"@type\":\"SearchAction\",\"target\":{\"@type\":\"EntryPoint\",\"urlTemplate\":\"https:\\\/\\\/www.parowozy.pl\\\/steamtrains\\\/?s={search_term_string}\"},\"query-input\":{\"@type\":\"PropertyValueSpecification\",\"valueRequired\":true,\"valueName\":\"search_term_string\"}}],\"inLanguage\":\"en-US\"},{\"@type\":[\"Person\",\"Organization\"],\"@id\":\"https:\\\/\\\/www.parowozy.pl\\\/steamtrains\\\/#\\\/schema\\\/person\\\/c2d2f38fc75cbe7d3cc51204696dc8eb\",\"name\":\"Mi\u0142osz Mazurek\",\"image\":{\"@type\":\"ImageObject\",\"inLanguage\":\"en-US\",\"@id\":\"https:\\\/\\\/secure.gravatar.com\\\/avatar\\\/479647e5cd62c1657057259de75b2f8f6d458898689f92162d1e66e4bbcb563f?s=96&d=mm&r=g\",\"url\":\"https:\\\/\\\/secure.gravatar.com\\\/avatar\\\/479647e5cd62c1657057259de75b2f8f6d458898689f92162d1e66e4bbcb563f?s=96&d=mm&r=g\",\"contentUrl\":\"https:\\\/\\\/secure.gravatar.com\\\/avatar\\\/479647e5cd62c1657057259de75b2f8f6d458898689f92162d1e66e4bbcb563f?s=96&d=mm&r=g\",\"caption\":\"Mi\u0142osz Mazurek\"},\"logo\":{\"@id\":\"https:\\\/\\\/secure.gravatar.com\\\/avatar\\\/479647e5cd62c1657057259de75b2f8f6d458898689f92162d1e66e4bbcb563f?s=96&d=mm&r=g\"}}]}<\/script>\n<!-- \/ Yoast SEO plugin. -->","yoast_head_json":{"title":"Video - The Chab\u00f3wka Rolling-Stock Heritage Park &quot;Skansen&quot;","description":"Skansen taboru kolejowego w Chab\u00f3wce-strona o najwi\u0119kszej tego typu muzealnej ekspozycji w Polsce. Opis zbior\u00f3w, fotografie i filmy z przejazd\u00f3w retro","robots":{"index":"index","follow":"follow","max-snippet":"max-snippet:-1","max-image-preview":"max-image-preview:large","max-video-preview":"max-video-preview:-1"},"canonical":"https:\/\/www.parowozy.pl\/steamtrains\/video\/","og_locale":"en_US","og_type":"article","og_title":"Video - The Chab\u00f3wka Rolling-Stock Heritage Park &quot;Skansen&quot;","og_description":"Skansen taboru kolejowego w Chab\u00f3wce-strona o najwi\u0119kszej tego typu muzealnej ekspozycji w Polsce. Opis zbior\u00f3w, fotografie i filmy z przejazd\u00f3w retro","og_url":"https:\/\/www.parowozy.pl\/steamtrains\/video\/","og_site_name":"The Chab\u00f3wka Rolling-Stock Heritage Park &quot;Skansen&quot;","og_image":[{"width":1077,"height":808,"url":"https:\/\/i0.wp.com\/www.parowozy.pl\/steamtrains\/wp-content\/uploads\/sites\/7\/2015\/04\/Ty42-107-z-33300-Kasina-Wielka-Mszana-Dolna-6.04.2014-16.39.jpg?fit=1077%2C808&ssl=1","type":"image\/jpeg"}],"schema":{"@context":"https:\/\/schema.org","@graph":[{"@type":"WebPage","@id":"https:\/\/www.parowozy.pl\/steamtrains\/video\/","url":"https:\/\/www.parowozy.pl\/steamtrains\/video\/","name":"Video - The Chab\u00f3wka Rolling-Stock Heritage Park &quot;Skansen&quot;","isPartOf":{"@id":"https:\/\/www.parowozy.pl\/steamtrains\/#website"},"datePublished":"2017-06-04T20:20:32+00:00","description":"Skansen taboru kolejowego w Chab\u00f3wce-strona o najwi\u0119kszej tego typu muzealnej ekspozycji w Polsce. Opis zbior\u00f3w, fotografie i filmy z przejazd\u00f3w retro","breadcrumb":{"@id":"https:\/\/www.parowozy.pl\/steamtrains\/video\/#breadcrumb"},"inLanguage":"en-US","potentialAction":[{"@type":"ReadAction","target":["https:\/\/www.parowozy.pl\/steamtrains\/video\/"]}]},{"@type":"BreadcrumbList","@id":"https:\/\/www.parowozy.pl\/steamtrains\/video\/#breadcrumb","itemListElement":[{"@type":"ListItem","position":1,"name":"Strona g\u0142\u00f3wna","item":"https:\/\/www.parowozy.pl\/steamtrains\/"},{"@type":"ListItem","position":2,"name":"Video"}]},{"@type":"WebSite","@id":"https:\/\/www.parowozy.pl\/steamtrains\/#website","url":"https:\/\/www.parowozy.pl\/steamtrains\/","name":"The Chab\u00f3wka Rolling-Stock Heritage Park &quot;Skansen&quot;","description":"Chab\u00f3wka Museum","publisher":{"@id":"https:\/\/www.parowozy.pl\/steamtrains\/#\/schema\/person\/c2d2f38fc75cbe7d3cc51204696dc8eb"},"potentialAction":[{"@type":"SearchAction","target":{"@type":"EntryPoint","urlTemplate":"https:\/\/www.parowozy.pl\/steamtrains\/?s={search_term_string}"},"query-input":{"@type":"PropertyValueSpecification","valueRequired":true,"valueName":"search_term_string"}}],"inLanguage":"en-US"},{"@type":["Person","Organization"],"@id":"https:\/\/www.parowozy.pl\/steamtrains\/#\/schema\/person\/c2d2f38fc75cbe7d3cc51204696dc8eb","name":"Mi\u0142osz Mazurek","image":{"@type":"ImageObject","inLanguage":"en-US","@id":"https:\/\/secure.gravatar.com\/avatar\/479647e5cd62c1657057259de75b2f8f6d458898689f92162d1e66e4bbcb563f?s=96&d=mm&r=g","url":"https:\/\/secure.gravatar.com\/avatar\/479647e5cd62c1657057259de75b2f8f6d458898689f92162d1e66e4bbcb563f?s=96&d=mm&r=g","contentUrl":"https:\/\/secure.gravatar.com\/avatar\/479647e5cd62c1657057259de75b2f8f6d458898689f92162d1e66e4bbcb563f?s=96&d=mm&r=g","caption":"Mi\u0142osz Mazurek"},"logo":{"@id":"https:\/\/secure.gravatar.com\/avatar\/479647e5cd62c1657057259de75b2f8f6d458898689f92162d1e66e4bbcb563f?s=96&d=mm&r=g"}}]}},"jetpack_sharing_enabled":true,"_links":{"self":[{"href":"https:\/\/www.parowozy.pl\/steamtrains\/wp-json\/wp\/v2\/pages\/4455","targetHints":{"allow":["GET"]}}],"collection":[{"href":"https:\/\/www.parowozy.pl\/steamtrains\/wp-json\/wp\/v2\/pages"}],"about":[{"href":"https:\/\/www.parowozy.pl\/steamtrains\/wp-json\/wp\/v2\/types\/page"}],"author":[{"embeddable":true,"href":"https:\/\/www.parowozy.pl\/steamtrains\/wp-json\/wp\/v2\/users\/1"}],"replies":[{"embeddable":true,"href":"https:\/\/www.parowozy.pl\/steamtrains\/wp-json\/wp\/v2\/comments?post=4455"}],"version-history":[{"count":2,"href":"https:\/\/www.parowozy.pl\/steamtrains\/wp-json\/wp\/v2\/pages\/4455\/revisions"}],"predecessor-version":[{"id":4457,"href":"https:\/\/www.parowozy.pl\/steamtrains\/wp-json\/wp\/v2\/pages\/4455\/revisions\/4457"}],"wp:attachment":[{"href":"https:\/\/www.parowozy.pl\/steamtrains\/wp-json\/wp\/v2\/media?parent=4455"}],"curies":[{"name":"wp","href":"https:\/\/api.w.org\/{rel}","templated":true}]}}